factor of 11190?
True
Does 4 divide 3819?
False
Does 10 divide 820?
True
Is 164 a factor of 57976?
False
Does 42 divide 61444?
False
Is 103212 a multiple of 36?
True
Is 1536 a multiple of 23?
False
Is 3 a factor of 401?
False
Is 282 a factor of 14100?
True
Does 34 divide 5100?
True
Is 18 a factor of 20518?
False
Does 3 divide 405?
True
Is 2535 a multiple of 5?
True
Does 48 divide 1248?
True
Does 17 divide 7984?
False
Is 13 a factor of 416?
True
Does 81 divide 8173?
False
Is 30 a factor of 51?
False
Does 121 divide 1589?
False
Does 52 divide 780?
True
Is 30 a factor of 4855?
False
Is 25 a factor of 1600?
True
Does 6 divide 6?
True
Does 11 divide 16038?
True
Is 53 a multiple of 16?
False
Is 148 even?
True
Does 47 divide 21573?
True
Does 13 divide 310?
False
Is 220 a factor of 80300?
True
Is 480 a multiple of 16?
True
Is 16960 a multiple of 32?
True
Is 14643 a multiple of 9?
True
Is 29 a factor of 148474?
False
Is 988 a multiple of 13?
True
Is 204 a multiple of 17?
True
Is 10024 a multiple of 39?
False
Is 67 a factor of 25795?
True
Is 85 a factor of 15290?
False
Is 30 a multiple of 3?
True
Does 144 divide 3618?
False
Is 20064 a multiple of 48?
True
Is 1075 a multiple of 32?
False
Is 4 a factor of 55715?
False
Is 13946 a multiple of 151?
False
Does 43 divide 14405?
True
Is 32 a factor of 9823?
False
Is 20444 a multiple of 269?
True
Does 251 divide 36677?
False
Is 87 a multiple of 42?
False
Does 7 divide 886?
False
Is 465 a multiple of 31?
True
Does 16 divide 36747?
False
Does 44 divide 9178?
False
Does 33 divide 39881?
False
Is 362 a multiple of 6?
False
Is 1760 a multiple of 32?
True
Does 45 divide 20115?
True
Is 4319 a multiple of 12?
False
Is 23 a factor of 749?
False
Does 109 divide 14715?
True
Does 20 divide 37880?
True
Does 3 divide 43?
False
Is 240 a multiple of 14?
False
Is 62 a factor of 7476?
False
Is 17436 a multiple of 154?
False
Is 19 a factor of 648?
False
Is 9 a factor of 1197?
True
Is 14 a factor of 630?
True
Is 53 a factor of 1272?
True
Does 115 divide 6095?
True
Is 29 a factor of 174?
True
Is 4459 a multiple of 32?
False
Does 91 divide 4716?
False
Is 2623 a multiple of 16?
False
Is 75653 a multiple of 15?
False
Is 22 a factor of 366?
False
Does 10 divide 840?
True
Does 19 divide 4712?
True
Does 283 divide 19244?
True
Does 10 divide 65?
False
Does 53 divide 11713?
True
Does 36 divide 900?
True
Is 6 a factor of 3646?
False
Is 1341 a multiple of 2?
False
Is 2835 a multiple of 20?
False
Is 666 a multiple of 3?
True
Is 112101 a multiple of 33?
True
Is 15 a factor of 90?
True
Is 9 a factor of 738?
True
Is 244 a factor of 1171?
False
Is 24 a factor of 15651?
False
Is 5425 a multiple of 25?
True
Does 60 divide 9720?
True
Is 27 a factor of 24138?
True
Does 92 divide 3586?
False
Does 34 divide 23256?
True
Is 11658 a multiple of 134?
True
Is 37080 a multiple of 120?
True
Does 43 divide 1204?
True
Is 8 a factor of 3455?
False
Does 13 divide 761?
False
Is 4263 a multiple of 64?
False
Is 930 a multiple of 33?
False
Does 7 divide 8?
False
Is 53 a factor of 437?
False
Is 78 a factor of 7176?
True
Does 4 divide 8769?
False
Does 6 divide 21174?
True
Is 13104 a multiple of 252?
True
Is 1170 a multiple of 3?
True
Does 8 divide 6200?
True
Is 5709 a multiple of 66?
False
Is 374 a multiple of 17?
True
Is 149 a factor of 28757?
True
Is 396 a factor of 53460?
True
Is 76 a factor of 1900?
True
Does 56 divide 170705?
False
Is 26 a factor of 21284?
False
Is 9 a factor of 13773?
False
Is 14 a factor of 1880?
False
Is 16566 a multiple of 7?
False
Is 65 a factor of 1648?
False
Is 12 a factor of 594?
False
Is 27 a factor of 486?
True
Is 44 a factor of 924?
True
Does 93 divide 4929?
True
Is 126 a factor of 52083?
False
Is 48690 a multiple of 274?
False
Does 90 divide 2700?
True
Is 78 a factor of 58500?
True
Is 3 a factor of 7778?
False
Does 12 divide 15836?
False
Is 10 a factor of 120?
True
Does 21 divide 12775?
False
Is 230 a multiple of 14?
False
Does 144 divide 17856?
True
Is 452 a multiple of 7?
False
Is 144 a factor of 26930?
False
Is 91 a factor of 12376?
True
Does 11 divide 4560?
False
Does 53 divide 1113?
True
Does 38 divide 190?
True
Is 7695 a multiple of 71?
False
Is 40065 a multiple of 15?
True
Does 49 divide 15951?
False
Does 97 divide 19691?
True
Is 12 a factor of 264?
True
Is 93 a factor of 11723?
False
Is 7 a factor of 392?
True
Is 4 a factor of 644?
True
Is 23 a factor of 293?
False
Is 41 a factor of 480?
False
Is 39 a factor of 8864?
False
Is 1050 a multiple of 10?
True
Is 380 a multiple of 76?
True
Does 16 divide 8985?
False
Is 15 a factor of 1144?
False
Does 10 divide 150?
True
Is 7 a factor of 522?
False
Does 2 divide 87?
False
Does 27 divide 28674?
True
Does 100 divide 385?
False
Is 112 a multiple of 2?
True
Does 111 divide 27468?
False
Does 35 divide 11620?
True
Does 26 divide 2834?
True
Is 3 a factor of 195?
True
Is 9 a factor of 1322?
False
Is 69 a multiple of 15?
False
Is 18 a factor of 260?
False
Is 207 a multiple of 70?
False
Is 7 a factor of 427?
True
Is 19748 a multiple of 23?
False
Is 178 a multiple of 3?
False
Is 8 a factor of 5696?
True
Does 20 divide 64640?
True
Does 282 divide 40862?
False
Is 29 a factor of 185?
False
Is 38 a factor of 50359?
False
Is 800 a multiple of 56?
False
Is 11 a factor of 1298?
True
Is 103 a factor of 9785?
True
Does 13 divide 49771?
False
Does 198 divide 17028?
True
Is 11 a factor of 48356?
True
Is 639 a multiple of 2?
False
Is 17142 a multiple of 38?
False
Does 115 divide 32545?
True
Is 1104 a multiple of 24?
True
Does 49 divide 294?
True
Is 900 a multiple of 60?
True
Is 45 a factor of 3915?
True
Does 11 divide 704?
True
Is 1452 a multiple of 22?
True
Is 26 a factor of 4399?
False
Is 5022 a multiple of 3?
True
Does 14 divide 1484?
True
Does 2 divide 26?
True
Does 21 divide 1575?
True
Does 71 divide 4117?
False
Does 158 divide 14972?
False
Is 34 a factor of 1020?
True
Does 387 divide 48476?
False
Is 5755 a multiple of 65?
False
Does 44 divide 4444?
True
Does 59 divide 10439?
False
Does 24 divide 3600?
True
Is 52 a factor of 5750?
False
Does 19 divide 408?
False
Does 11 divide 577?
False
Does 17 divide 34?
True
Is 374 a multiple of 17?
True
Does 60 divide 530?
False
Is 439 a multiple of 4?
False
Is 16 a factor of 7204?
False
Does 145 divide 1554?
False
Is 3 a factor of 14580?
True
Is 85 a multiple of 9?
False
Does 41 divide 733?
False
Is 2 a factor of 842?
True
Does 16 divide 160?
True
Does 46 divide 10258?
True
Is 53856 a multiple of 198?
True
Does 13 divide 91117?
True
Is 241 a multiple of 50?
False
Is 215 a multiple of 43?
True
Does 12 divide 15173?
False
Is 864 a multiple of 54?
True
Does 8 divide 336?
True
Is 63655 a multiple of 16?
False
Is 4520 a multiple of 20?
True
Is 27 a factor of 1389?
False
Is 45 a factor of 8955?
True
Is 13 a factor of 92339?
True
Does 4 divide 1170?
False
Is 41973 a multiple of 19?
False
Is 8952 a multiple of 38?
False
Is 13 a factor of 32755?
False
Is 3054 a multiple of 57?
False
Is 10 a factor of 95690?
True
Does 62 divide 20526?
False
Is 2 a factor of 1522?
True
Is 44 a factor of 31767?
False
Is 17 a factor of 272?
True
Does 33 divide 673?
False
Is 1737 a multiple of 76?
False
Is 3191 a multiple of 39?
False
Is 73 a factor of 50374?
False
Does 12 divide 756?
True
Does 51 divide 1275?
True
Is 12 a factor of 6984?
True
Is 11 a factor of 727?
False
Is 98 a factor of 866?
False
Does 2 divide 624?
True
Does 19 divide 956?
False
Is 7 a factor of 85519?
True
Is 3916 a multiple of 48?
False
Does 69 divide 5712?
False
Is 17 a factor of 3468?
True
Is 5244 a multiple of 12?
True
Does 3 divide 60?
True
Is 129 a multiple of 5?
False
Is 123 a factor of 5315?
False
Does 58 divide 4116?
False
Is 12032 a multiple of 11?
False
Is 85527 a multiple of 221?
True
Is 5904 a multiple of 8?
True
Does 6 divide 113?
False
Is 1770 a multiple of 147?
False
Is 12091 a multiple of 113?
True
Does 24 divide 532?
False
Is 25150 a multiple of 171?
False
Does 14 divide 546?
True
Is 301 a multiple of 51?
False
Is 365 a multiple of 24?
False
Is 14661 a multiple of 3?
True
Does 12 divide 11730?
False
Is 6 a factor of 4374?
True
Is 5 a factor of 11824?
False
Does 14 divide 3584?
True
Is 92364 a multiple of 358?
True
Is 816 a multiple of 14?
False
Does 59 divide 945?
False
Is 55 a factor of 46860?
True
Is